hat are the prime factors of y(m)?
5
Suppose -3*c = -a - c - 3, -3*a = 2*c - 7. Let p(l) = 17*l**3 - l**2 + l - 1. List the prime factors of p(a).
2
Let u(a) = -a**3 + 10*a**2 + 11*a - 13. List the prime factors of u(10).
97
Let a = 57 - -102. What are the prime factors of a?
3, 53
Suppose -5*n = -x - 194, -3*n = -2*x - 14 - 101. Let s = n - 23. List the prime factors of s.
2
Suppose z = 6*z + 5. Let c(w) = -21*w + 1. Let d be c(z). Suppose -m = m - d. What are the prime factors of m?
11
Let l be (-1)/(1 - 1 - -1). Let o = 12 - l. List the prime factors of o.
13
Let z be 40/(-18) + 12/54. Let r = 5 + z. Suppose 0 = -r*x + 14 + 19. What are the prime factors of x?
11
Let u(r) = 2*r**3 - 6*r**2 + 2*r + 1. What are the prime factors of u(4)?
41
Let b(k) = -k**3 - 20*k**2 - 11*k + 28. List the prime factors of b(-20).
2, 31
Let v(f) = 4*f - 16 + 20 + 4*f. List the prime factors of v(3).
2, 7
Let m(q) = q - 2. Let h be m(2). Suppose -i + y = -y - 37, h = -i + 5*y + 52. What are the prime factors of i?
3
Suppose 0 = -3*s + 5*s + 2*h - 168, s = -2*h + 82. What are the prime factors of s?
2, 43
Let d(f) = f**3 + 8*f**2 - 11*f - 2. Let v be d(-9). Let l = v + -11. What are the prime factors of l?
5
Let r(o) = -o + 10. Let h be r(5). Suppose -2*x + x = -h. List the prime factors of x.
5
Let o = 1 + 26. What are the prime factors of o?
3
Suppose 0 = 5*j - 152 - 123. List the prime factors of j.
5, 11
Let a = -5 - -28. List the prime factors of a.
23
Let r(i) = -i**2 - 4*i - 1 - 6*i**3 + 2*i + 3*i**3. Let a be r(-1). Suppose -4*p + 16 + 17 = 5*c, -c + 33 = a*p. What are the prime factors of p?
2, 3
Let r = -148 - -497. List the prime factors of r.
349
Let n(m) = m**2 - 9*m - 42. List the prime factors of n(19).
2, 37
What are the prime factors of (-3)/(-6) + (-83)/(-2)?
2, 3, 7
Suppose -4*w - z + 95 = -36, 30 = w + 3*z. List the prime factors of w.
3, 11
Suppose -u = u. Let o = u - 4. Let j = -1 - o. List the prime factors of j.
3
Let o(t) = -t**3 - 7*t**2 + t + 7. Let n be o(-7). Suppose 4*i - 10 = -2*j, n*j = -j - 5*i - 7. What are the prime factors of j?
13
Let s = 2 - -3. Suppose l = s*l - 12. What are the prime factors of l?
3
Let p = -49 + 85. List the prime factors of p.
2, 3
Let k = -12 - -22. List the prime factors of k.
2, 5
Let x(v) = v**3 - 22*v**2 + 26*v + 30. List the prime factors of x(21).
3, 5
Suppose -13*z = -571 - 1470. List the prime factors of z.
157
Suppose -j - 52 = -5*j. Suppose n + 3 = j. What are the prime factors of n?
2, 5
Suppose f - 93 = -42. What are the prime factors of f?
3, 17
Let o(d) = d**2 + d - 10. Let h be o(0). Let t be (-1)/(-5) + (-28)/h. What are the prime factors of 4/(t/(-2) - -2)?
2
What are the prime factors of 110*3 - ((-4)/2 + -2)?
2, 167
Suppose -m + 9 = 2*m, 285 = -4*p - m. List the prime factors of (-6)/(-8) - 1962/p.
2, 7
Suppose 0 = -w + r + r + 5, 0 = 3*w + 5*r + 7. Let q(p) = 10*p. What are the prime factors of q(w)?
2, 5
Suppose u = 3*u - 212. What are the prime factors of u?
2, 53
Let c be 7 - (0 + -2 + 4). Let q(f) = -c*f - 4*f**2 - 3*f - 7 - 4*f**2 + f**3. What are the prime factors of q(9)?
2
Suppose x - 4*a = 83, -60 = -3*x - a + 124. List the prime factors of x.
3, 7
Suppose 3*g = 5*i - 5, -3*i + 0*g + 27 = 3*g. Let j be 34/6 - i/6. Let a = j + -2. List the prime factors of a.
3
Let j = -39 + 315. Let a be 2/(-7) - j/14. What are the prime factors of (24/20)/((-2)/a)?
2, 3
Let j be ((-5)/(-10))/(1/2). What are the prime factors of 46 + j*(4 + -3)?
47
What are the prime factors of 8136/162 - (-2)/(-9)?
2, 5
Suppose 2*n + 65 = -3*n. Let f(g) = g**3 + 5*g**2 + 6*g + 2. Let w be f(-4). Let m = w - n. What are the prime factors of m?
7
Let k(v) = -v**3 - 4*v**2 - 4*v - 1. Let y(a) = a**2 - 10*a + 6. Suppose -2*q + 4 = -w - 11, -w + 30 = 3*q. Let r be y(q). What are the prime factors of k(r)?
2
What are the prime factors of -5*((-4)/(-8) + 293/(-10))?
2, 3
Suppose -4*r - 5*l = -36, 8 = 4*r - 5*r + 3*l. What are the prime factors of r?
2
What are the prime factors of (3 + 3)*856/16?
3, 107
Suppose 4*o - 5*o = -5*s - 168, -672 = -4*o - s. What are the prime factors of o?
2, 3, 7
Let n(l) = -l**3 - 6*l**2 + 11*l - 34. What are the prime factors of n(-10)?
2
Let l(t) = 3*t + 1. List the prime factors of l(6).
19
Suppose -4*c - 2 - 18 = 0. Let j = c - -4. Let z = 11 + j. What are the prime factors of z?
2, 5
Suppose 5 = 4*a - 3. Suppose -a*k = k. Suppose k = -2*o + 6 - 0. What are the prime factors of o?
3
List the prime factors of (-1022)/(-18) + (-36)/(-162).
3, 19
Let a = -125 - -73. List the prime factors of 7/(-2)*a/7.
2, 13
Let g = 37 + -61. List the prime factors of (g/(-5))/(6/20).
2
Let k(u) = -u + 6. Let x be k(8). List the prime factors of (-16)/(-2) - (x - 1).
11
Suppose -2731 = -14*g - 99. List the prime factors of g.
2, 47
Suppose 0*s + 2*s = -12. Let u be (7 + -2)/(3/s). What are the prime factors of (-4)/u + 544/40?
2, 7
Let l = 235 + -112. Suppose -l - 85 = -4*r. What are the prime factors of r?
2, 13
Suppose 0 = -5*w + 2 + 38. Suppose 5*d - w = 32. What are the prime factors of d?
2
Suppose -11*o + 250 = -6*o. Suppose -5*m + 145 = o. List the prime factors of m.
19
Suppose 0 = -2*g + 43 + 335. List the prime factors of g.
3, 7
Suppose -2*j - 82 = -4*h, -5*h + 3*j - 5*j + 116 = 0. What are the prime factors of h?
2, 11
Let f = -3 + 4. Let b = 12 + f. What are the prime factors of b?
13
Let w(c) = c**3 + c**2 + c - 5. Let d be w(0). Let j = 9 + d. List the prime factors of (-5)/(-2)*j*1.
2, 5
Suppose l + l - 6 = 0. What are the prime factors of (l/6)/((-2)/(-12))?
3
Suppose -47 - 43 = -5*g. Let t(h) = 5*h. Let y be t(-2). Let m = g + y. What are the prime factors of m?
2
Suppose -282 = -3*v + 3*h, -3*v + 4*h = -140 - 145. What are the prime factors of v?
7, 13
Let f(k) be the second derivative of k**5/20 - k**4 + 3*k**2/2 - 6*k. List the prime factors of f(12).
3
List the prime factors of -4 + -51*(-1)/3.
13
Let t(s) = -s**3 - s**2 - 2*s - 1. Let o(x) = x**3 - 10*x**2 - 10*x - 14. Let c be o(11). What are the prime factors of t(c)?
23
Let o(h) = h**3 + 2*h**2 - 3*h. Let z be o(-3). Suppose 3*p + p - 5*s - 42 = z, -3*p - 5*s = -14. List the prime factors of p.
2
Suppose 3*r - 43 - 68 = 0. List the prime factors of r.
37
Suppose 0 = -f + 3, -t + f = 4*t + 153. Let x = 43 + t. What are the prime factors of x?
13
Let x(i) = 40*i - 18. List the prime factors of x(4).
2, 71
Let f = 30 - 52. Let p = f - -15. Let n(g) = -g**3 - 6*g**2 + 5*g - 8. List the prime factors of n(p).
2, 3
Let h(q) = 54*q**2 + 4*q + 3. List the prime factors of h(-1).
53
Suppose -38*j = -41*j + 477. List the prime factors of j.
3, 53
Let o(u) = 15*u**2 - u. Let k(s) = s**3 - 5*s**2 + 2*s + 5. Let n be k(4). Let p(l) = -l**2 - 3*l - 1. Let a be p(n). What are the prime factors of o(a)?
2
Let r(z) = z**2 - 12*z - 11. Let x be r(13). Suppose -u = q - 4*q + 25, -2*u - x = 0. What are the prime factors of q?
2
Suppose -5*a + 2*d = -245, 8*d = 3*a + 7*d - 146. List the prime factors of a.
47
Suppose 3*o - 368 = c, -608 = -0*o - 5*o - c. Let d = -55 + o. Suppose -6*f - 5*w = -3*f - d, 3*f - 55 = w. What are the prime factors of f?
19
Let g(s) = -s - 5. Let v be g(-3). Let a(h) = -h**3 + 2*h + 3. What are the prime factors of a(v)?
7
Suppose 7 = o + 4*h, 3*h - 6*h + 19 = -2*o. Let r = o + 9. What are the prime factors of r?
2
Suppose b - 12 = -p + 5, 85 = 5*b - 3*p. Suppose -x + 19 = -34. Suppose 4*q + b - x = 0. What are the prime factors of q?
3
Let y be 4 + 5/(20/8). Let a be 4/(-10)*(-41 + 1). Suppose a = -4*n, -2*n = d - 0 - y. What are the prime factors of d?
2, 7
Let o(v) = -3 + 5 + v - 3. Let j be o(7). Let t(a) = a**3 - 6*a**2 + 2*a - 1. What are the prime factors of t(j)?
11
Let c = -13 - -17. List the prime factors of c.
2
Suppose 99*v + 180 = 103*v. List the prime factors of v.
3, 5
Suppose -4*m = 5*k - k - 636, 4*k + 5*m = 633. What are the prime factors of k?
2, 3
Let x(q) = 3*q - 1. Let m = 3 - 4. Let b = 0 - m. What are the prime factors of x(b)?
2
Suppose -8 - 17 = 5*s, 3 = -i - 2*s. Suppose i*v - 5*v - 14 = 0. What are the prime factors of v?
7
Let v = -33 + 33. Suppose 4*f - 2*f = 2. Suppose -p - 5*l + 26 - 9 = v, 2*p - l = f. List the prime factors of p.
2
Let x = 137 + 8. What are the prime factors of x